4 - 2*n**3/3 + n**2. List the prime factors of o(-3).
2
Suppose 4*m = m. Suppose -g + 2 = -m*g. Let v(x) = 2*x**2 + x + 1. List the prime factors of v(g).
11
Let x(q) = 3*q**2 + q. Let y be x(-1). Let u be 6 + -1 + y/(-2). Suppose u*j - 24 = j. What are the prime factors of j?
2
Let z be (1 - (3 + -2))/(-2). Let s be (z - -10) + -4 + 1. Suppose 0 = 3*c - 11 - s. What are the prime factors of c?
2, 3
Suppose -1 = 2*l + 15. Let z = l + 14. Suppose b = z + 5. List the prime factors of b.
11
Let z = 15 - 19. Let k = 13 - z. What are the prime factors of k?
17
Let z = -7 + 11. Suppose 3*u + 6 = z*l - 6, u + l = 3. Suppose -5*k + 19 + 16 = u. What are the prime factors of k?
7
Suppose 0 = l + 4*l - c - 54, l - 15 = -4*c. What are the prime factors of l?
11
List the prime factors of 0 - -2 - (-10 - 112).
2, 31
Let y(w) = w. Let i(c) = -2*c + 4. Let r(u) = -i(u) - 3*y(u). Let b = -3 - 3. What are the prime factors of r(b)?
2
Suppose -3*v - 53 = 7. Let b = v + 44. List the prime factors of b.
2, 3
Let a(o) = 3*o - 4. Let p be a(3). Let g(z) = z**2 - 4*z + 1. What are the prime factors of g(p)?
2, 3
Suppose 0 = -z + 3, 2*d + 3*z - z = 138. What are the prime factors of d?
2, 3, 11
Let g be (-1 - (-9)/15)*15. Let t be g/(-2)*48/9. Let z = -6 + t. List the prime factors of z.
2, 5
Let j(o) = o**3 - 3*o**2 - 4*o + 2. Let i = 11 + -7. Let h be j(i). Suppose h*r - 5*c - 34 = -r, -c = -4. What are the prime factors of r?
2, 3
Let s(z) = 22*z + 3*z + z. Let w be s(1). Suppose w - 74 = -4*a. List the prime factors of a.
2, 3
Let y(b) = -b**3 + 8*b**2 + 9*b + 2. Let k be (2/(-4))/(3/(-54)). What are the prime factors of y(k)?
2
What are the prime factors of 24/(-2 + -2)*(-40)/6?
2, 5
List the prime factors of (6/(-5))/(9/(-90)).
2, 3
Let h(q) = -q**3 + 7*q**2 - q + 7. Let w be h(7). Suppose w = -d + 5*d - 24. List the prime factors of d.
2, 3
Let v = -2 + 7. Suppose -z + 15 = v*n, 2*n - 4*n + 6 = 2*z. What are the prime factors of n?
3
Let f(v) = -v**3 - 5*v**2 + 5*v + 6. Let n = -2 - -2. Suppose -12 = 2*y - n*y. List the prime factors of f(y).
2, 3
Suppose -4*g = -3*t + 279, -3*g - g = 2*t - 206. List the prime factors of t.
97
Suppose -4*j + 20 = -4*c, 5*j + 4*c - c = 17. Suppose -j*k + 48 = -4. List the prime factors of k.
13
Let t(u) = u**3 + 3*u + 2. What are the prime factors of t(3)?
2, 19
Suppose -5*t - 4*i + 376 - 21 = 0, -4*t - i = -273. What are the prime factors of t?
67
Suppose -2*z + 4 = 2*z, 0 = -2*b + 4*z. Suppose -4*h + 36 = -3*p - 0*p, -18 = -2*h - b*p. List the prime factors of h.
3
Let r(u) = 6*u**2 + 4*u + 3. Let l be r(-2). Let h = 31 - l. List the prime factors of h.
2, 3
List the prime factors of (-5 + -1)/((95/60)/(-19)).
2, 3
Let k(o) = -6*o**2 + 4*o + 6. Let y be k(-6). What are the prime factors of 8/28 - y/14?
17
Let d = 82 + 63. List the prime factors of d.
5, 29
Let v(r) = r**3 + 7*r + 3*r + 2*r**2 - 12*r**2 - 9. Let p be v(9). Suppose p = 4*o + 5*m - 17, -3*o + 0*o = 4*m - 13. What are the prime factors of o?
3
Suppose 5*o = 3*o + 6. Suppose 4 = 2*b + 3*u - 5*u, 2*b - o*u = 2. Suppose 0 = -w + b*w - 27. What are the prime factors of w?
3
Suppose -5 = w + 12. Let o = 32 + w. What are the prime factors of o?
3, 5
Suppose -p - 58 = -2*r - 18, 0 = -r - 2*p + 10. Suppose -10 = -5*k, -4*o = 4*k - k - r. What are the prime factors of o?
3
Suppose f - 102 = 2*o, -5*f + 3*o - 2*o + 465 = 0. What are the prime factors of f?
2, 23
Let k = -2 - -4. Suppose 2*r + 8 = 2, -s + k*r = -16. List the prime factors of s.
2, 5
Suppose 3*q + 5*z = -1 + 7, -3*z = -3*q + 6. Let j = 8 + q. What are the prime factors of j?
2, 5
Suppose 0*a + 5*a - 23 = -v, -5*v - a + 187 = 0. What are the prime factors of v?
2, 19
Suppose 3*v = -v - 12. Let h be (v + 3)*-1 + -20. List the prime factors of (-336)/h - 1/(-5).
17
Let a = -26 - -58. What are the prime factors of a?
2
Let w(d) = -d**3 + 6*d**2 + d - 4. Let a = 11 - 5. List the prime factors of w(a).
2
Let d = -8 + 110. What are the prime factors of d?
2, 3, 17
Suppose -42 + 14 = -5*a - 2*j, 2*a = 3*j - 4. Suppose -c - a = c. List the prime factors of ((-6)/5)/(c/15).
3
Suppose 9*a = 4*a - 5*o - 5, 4*a = 4*o + 12. Let u be 6/(-18)*(-13 + a). Suppose -u*l + 6 = -3*l. What are the prime factors of l?
2, 3
Let a(y) = 2*y**2 + y + 0*y - 2 + 2*y. List the prime factors of a(-3).
7
Let m = -33 + 60. What are the prime factors of 18/m - (-109)/3?
37
Let a(s) = -6*s - 2. Let i be a(5). Let u = i - -9. Let o = u + 39. What are the prime factors of o?
2
Suppose -5*u - 113 + 381 = 2*x, -134 = -x - 5*u. List the prime factors of x.
2, 67
Suppose -2*x + 5 = -17. Let z = 8 - x. What are the prime factors of 78/z*(-1)/2?
13
Suppose -n = -5*h - 128, 0*n + 5*h = 2*n - 241. List the prime factors of n.
113
Let o be (1 - 6) + 2 + 3. Let x = 154 + -108. Suppose q = 2*v + 27, -3*q - 2*v + v + x = o. What are the prime factors of q?
17
Let k be 3 + -5 - (-18)/2. Suppose k*t + 25 = 2*t. Let x = 1 - t. What are the prime factors of x?
2, 3
Suppose -3*g = -4 + 1. Let s = 11 - g. Suppose 0 = -2*x - m + 15 + 1, 0 = 5*m - s. What are the prime factors of x?
7
Suppose 5*p + 44 = 109. Let g = 0 + p. Suppose 5*q + 3 = g. List the prime factors of q.
2
Suppose -2*n - l + 51 = 0, 99 = 4*n + 2*l - 3*l. What are the prime factors of n?
5
Let g(x) = x**3 - 4*x**2 - 2*x + 3. Let z be g(3). Let h = 18 + z. List the prime factors of h.
2, 3
Let p(x) = 31*x - 13. What are the prime factors of p(7)?
2, 3, 17
Suppose -159 = -8*f + 7*f. What are the prime factors of f?
3, 53
Let w = 7 - 11. List the prime factors of w/(-30) + (-815)/(-75).
11
Let w(s) = -s**3 + 3*s**2 + s - 3. Let n be w(3). Suppose 0 = o - n*o - 19. What are the prime factors of o?
19
Let w(g) = g - 10. Let z(p) = -p + 11. Let r(b) = 5*w(b) + 4*z(b). Let l be r(3). Let k = 5 + l. List the prime factors of k.
2
Let m = 11 + -1. Suppose -s + m + 10 = 4*c, 4*c = -20. What are the prime factors of s?
2, 5
Let p(f) = -f**2 + 1. Let d be p(-1). Suppose -2*v - 2*v + 24 = d. List the prime factors of v.
2, 3
Let r(f) = -35*f**3 - f**2 + 2. What are the prime factors of r(-1)?
2, 3
Let m(y) = 2*y**2 + 5*y. Let a be m(-4). Suppose -3*p + a = -p. List the prime factors of p.
2, 3
Let k(a) = -3*a**2 + 14*a - 8. Let i(h) = 4*h**2 - 15*h + 7. Let j(q) = -4*i(q) - 5*k(q). List the prime factors of j(-10).
2, 3
Let d(m) = 5*m**2 - 3*m. List the prime factors of d(-3).
2, 3
Let u(p) = -3*p. Let i be u(-8). Let g = i + -13. List the prime factors of g.
11
Suppose -270 = -3*l - 2*l. Suppose -3*u - 5*i + l = 0, 4*u - 4*i = 8*u - 64. What are the prime factors of u?
13
Let t = 11 + -7. Suppose 20 = -t*p - 4*m, 4*m = 3*p - 2*p - 20. Suppose -2*k + 6 = -p*k. What are the prime factors of k?
3
Let x = 71 + -40. List the prime factors of x.
31
Let w be -3 - 6/(-1) - 3. List the prime factors of 6*(7/2 + w).
3, 7
Let a be 1 - 0 - (-9 - -1). Suppose 3*w = -a, -4 = -2*z - 4*w + 2. Let c(m) = -m**2 + 11*m - 8. List the prime factors of c(z).
2, 5
Suppose -2*o + 5 = -7*o, -5*o = -5*l + 25. Suppose j + 4*j - 75 = -5*t, -l*t = 5*j - 64. List the prime factors of t.
11
Suppose -4*j - 200 = -2*o - j, -2*j + 400 = 4*o. Suppose 2*g - 3*g = -3*m - 57, 2*g + m - o = 0. What are the prime factors of g?
3, 17
Suppose 0 = -6*d - 3*d + 324. List the prime factors of d.
2, 3
What are the prime factors of (-75 + -6)*10/(-6)?
3, 5
Suppose -6*y = -2*y - 8. Suppose 4*t - 20 = b, -3*t + y*b = -4*t + 5. Suppose -5*r = 3*a - 24, -3*a - 12 = -t*a - 2*r. What are the prime factors of a?
3
Suppose -4*m - 6 = -14. Suppose 115 = 3*x - l + 3*l, m*l + 95 = 3*x. List the prime factors of x.
5, 7
Let t be 4/1*(-3)/(-6). List the prime factors of (-4)/((-3)/9*t).
2, 3
List the prime factors of (-3 + 3 + 4)*19.
2, 19
Let o = 8 - 5. What are the prime factors of o?
3
Suppose -4 = -z + 14. Suppose -5*x + r + 0*r + 58 = 0, 3*r + z = 2*x. List the prime factors of x.
2, 3
Suppose -2*y = -39 + 3. List the prime factors of y/12 - 3/(-2).
3
Suppose -h - 75 = -6*h. List the prime factors of h.
3, 5
Let j = -9 - -2. Let f be (-107)/j - 2/7. What are the prime factors of (1 - f)/(-1) + -2?
2, 3
Let z(p) = 5*p**3 - 3*p**2 + 2*p + 1. Let t be z(2). Suppose k + 1 = 0, -5*k - t + 13 = -3*w. Suppose -o + 4 = -w. List the prime factors of o.
3
Let a(y) = -y